{"id":888,"date":"2011-10-02T22:35:56","date_gmt":"2011-10-02T21:35:56","guid":{"rendered":"http:\/\/www.jungsi.de\/?page_id=888"},"modified":"2026-03-06T11:30:55","modified_gmt":"2026-03-06T10:30:55","slug":"impressum","status":"publish","type":"page","link":"https:\/\/www.jungsi.de\/en\/impressum\/","title":{"rendered":"Impressum"},"content":{"rendered":"<p>Impressum<\/p>\n\n\n\n<p>Gerhard Jungsberger<br>Lindenstra\u00dfe 29<br>84359 Simbach am Inn<\/p>\n\n\n\n<h2 class=\"wp-block-heading\">Kontakt<\/h2>\n\n\n\n<p>Telefon: +49 151 52725559<br>E-Mail: retro@jungsi.de<\/p>\n\n\n\n<h2 class=\"wp-block-heading\">Redaktionell verantwortlich<\/h2>\n\n\n\n<p>Gerhard Jungsberger<\/p>\n\n\n\n<p>Quelle: <a href=\"https:\/\/www.e-recht24.de\/impressum-generator.html\">https:\/\/www.e-recht24.de\/impressum-generator.html<\/a><\/p>\n\n\n\n<p><\/p>\n\n\n\n<h2 class=\"wp-block-heading\">Kontakt:<\/h2>\n\n\n<div class=\"wp-block-jetpack-contact-form is-layout-flex wp-container-jetpack-contact-form-is-layout-026b38f8 wp-block-jetpack-contact-form-is-layout-flex\"><a href=\"https:\/\/www.jungsi.de\/en\/impressum\/\" target=\"_blank\" rel=\"noopener noreferrer\">Submit a form.<\/a><\/div>\n\n\n<h2 class=\"wp-block-heading\"><\/h2>","protected":false},"excerpt":{"rendered":"<p>Impressum Gerhard JungsbergerLindenstra\u00dfe 2984359 Simbach am Inn Kontakt Telefon: +49 151 52725559E-Mail: retro@jungsi.de Redaktionell verantwortlich Gerhard Jungsberger Quelle: https:\/\/www.e-recht24.de\/impressum-generator.html Kontakt:<\/p>","protected":false},"author":2,"featured_media":0,"parent":0,"menu_order":8,"comment_status":"closed","ping_status":"closed","template":"","meta":{"_lmt_disableupdate":"","_lmt_disable":"","ngg_post_thumbnail":0,"jetpack_post_was_ever_published":false,"footnotes":"","_links_to":"","_links_to_target":""},"class_list":["post-888","page","type-page","status-publish","hentry"],"jetpack_shortlink":"https:\/\/wp.me\/P4eXvk-ek","jetpack_sharing_enabled":true,"jetpack_likes_enabled":true,"jetpack-related-posts":[{"id":30183,"url":"https:\/\/www.jungsi.de\/en\/reisen\/oetztal-2023\/","url_meta":{"origin":888,"position":0},"title":"\u00d6tztal 2023","author":"Jungsi","date":"15. August 2023","format":false,"excerpt":"\u00d6tztal 2023 12.-19.07.2023Gerhard und JungsiUnterkunft: Hotel Post in Sautens","rel":"","context":"Similar post","block_context":{"text":"Similar post","link":""},"img":{"alt_text":"","src":"https:\/\/i0.wp.com\/www.jungsi.de\/blog\/wp-content\/uploads\/Oetztal-2023_001.jpg?resize=350%2C200&ssl=1","width":350,"height":200,"srcset":"https:\/\/i0.wp.com\/www.jungsi.de\/blog\/wp-content\/uploads\/Oetztal-2023_001.jpg?resize=350%2C200&ssl=1 1x, https:\/\/i0.wp.com\/www.jungsi.de\/blog\/wp-content\/uploads\/Oetztal-2023_001.jpg?resize=525%2C300&ssl=1 1.5x, https:\/\/i0.wp.com\/www.jungsi.de\/blog\/wp-content\/uploads\/Oetztal-2023_001.jpg?resize=700%2C400&ssl=1 2x, https:\/\/i0.wp.com\/www.jungsi.de\/blog\/wp-content\/uploads\/Oetztal-2023_001.jpg?resize=1050%2C600&ssl=1 3x, https:\/\/i0.wp.com\/www.jungsi.de\/blog\/wp-content\/uploads\/Oetztal-2023_001.jpg?resize=1400%2C800&ssl=1 4x"},"classes":[]},{"id":204,"url":"https:\/\/www.jungsi.de\/en\/reisen\/gardasee-2000\/tour-2-lago-di-molveno\/","url_meta":{"origin":888,"position":1},"title":"Tour 2: Lago di Molveno","author":"Jungsi","date":"5. December 2008","format":false,"excerpt":"Lago di Molveno Streckenl\u00e4nge ca. 150 km Am zweiten Tag machte uns ein platter Hinterreifen an Gerhard's Moped einen kleinen Strrich durch die Rechnung. Au\u00dferdem fanden wir heraus, dass es nicht angebracht ist im Ausland den ADAC anzurufen. 1. An der Hotline konnte niemand Deutsch 2. wurde ein Mechaniker geschickt\u2026","rel":"","context":"In &quot;Allgemein&quot;","block_context":{"text":"Allgemein","link":"https:\/\/www.jungsi.de\/en\/category\/allgemein\/"},"img":{"alt_text":"","src":"","width":0,"height":0},"classes":[]},{"id":20379,"url":"https:\/\/www.jungsi.de\/en\/datenschutzerklaerung\/","url_meta":{"origin":888,"position":2},"title":"Datenschutzerkl\u00e4rung","author":"Jungsi","date":"8. May 2018","format":false,"excerpt":"Datenschutzerkl\u00e4rung Verantwortliche Stelle im Sinne der Datenschutzgesetze ist: Jungsberger GerhardLindenstr. 2984359 Simbach am Inn Kommentarfunktion Wenn Nutzer Kommentare im Blog hinterlassen, werden neben diesen Angaben auch der Zeitpunkt ihrer Erstellung und der zuvor durch den Websitebesucher gew\u00e4hlte Nutzername gespeichert. Dies dient unserer Sicherheit, da wir f\u00fcr widerrechtliche Inhalte auf unserer\u2026","rel":"","context":"Similar post","block_context":{"text":"Similar post","link":""},"img":{"alt_text":"","src":"","width":0,"height":0},"classes":[]},{"id":39961,"url":"https:\/\/www.jungsi.de\/en\/start\/","url_meta":{"origin":888,"position":3},"title":"Start","author":"Jungsi","date":"6. March 2026","format":false,"excerpt":"Willkommen bei Jungsi's Corner! Ich bin Gerhard, und hier dreht sich seit 2013 alles um Retro-Computer, alte Konsolen und die Geschichten dahinter. Sch\u00f6n, dass du vorbeischaust \u2013 st\u00f6ber dich durch die Sammlung oder lies dir einen der aktuellen Beitr\u00e4ge durch. Bits, Bytes & Nostalgie seit 2013!","rel":"","context":"Similar post","block_context":{"text":"Similar post","link":""},"img":{"alt_text":"","src":"","width":0,"height":0},"classes":[]},{"id":502,"url":"https:\/\/www.jungsi.de\/en\/reisen\/dolomiten-2009\/","url_meta":{"origin":888,"position":4},"title":"Dolomiten 2009","author":"Jungsi","date":"28. July 2009","format":false,"excerpt":"Dolomiten 2009 Nach dem Urlaub im vergangenen Jahr in Frankreich zog es uns dieses Mal wieder in \"heimischere\" Gefilde - die Dolomiten. Im Gegensatz zu den vergangenen Dolomiten-Urlauben verlagerten wir dieses Mal unser Quartier etwas weiter westlich - kurz unterhalb des Karerpasses - im Hotel Castel Latemar. Die Zimmer haben\u2026","rel":"","context":"In &quot;Allgemein&quot;","block_context":{"text":"Allgemein","link":"https:\/\/www.jungsi.de\/en\/category\/allgemein\/"},"img":{"alt_text":"","src":"https:\/\/i0.wp.com\/www.jungsi.de\/blog\/wp-content\/uploads\/2009\/07\/Hotel-Castel-Latemar-1.jpg?resize=350%2C200&ssl=1","width":350,"height":200,"srcset":"https:\/\/i0.wp.com\/www.jungsi.de\/blog\/wp-content\/uploads\/2009\/07\/Hotel-Castel-Latemar-1.jpg?resize=350%2C200&ssl=1 1x, https:\/\/i0.wp.com\/www.jungsi.de\/blog\/wp-content\/uploads\/2009\/07\/Hotel-Castel-Latemar-1.jpg?resize=525%2C300&ssl=1 1.5x, https:\/\/i0.wp.com\/www.jungsi.de\/blog\/wp-content\/uploads\/2009\/07\/Hotel-Castel-Latemar-1.jpg?resize=700%2C400&ssl=1 2x"},"classes":[]},{"id":216,"url":"https:\/\/www.jungsi.de\/en\/reisen\/tirol-2000\/","url_meta":{"origin":888,"position":5},"title":"Tirol 2000","author":"Jungsi","date":"5. December 2008","format":false,"excerpt":"Als Startpunkt und zentralen Aufentshaltsort hatte ich den Bikergasthof Post in Sautens (s\u00fcdlich von \u00d6tz) ausgew\u00e4hlt. Der Bikergasthof Post bietet Garagen f\u00fcr die Motorr\u00e4der, Platz zum Waschen und Schrauben. Ausserdem k\u00f6nnen die Sauna, der Fitne\u00dfraum und die Tischtennisplatte in Anspruch genommen werden. F\u00fcr die sonnigen Tage des Jahres ist ein\u2026","rel":"","context":"In &quot;Allgemein&quot;","block_context":{"text":"Allgemein","link":"https:\/\/www.jungsi.de\/en\/category\/allgemein\/"},"img":{"alt_text":"","src":"","width":0,"height":0},"classes":[]}],"_links":{"self":[{"href":"https:\/\/www.jungsi.de\/en\/wp-json\/wp\/v2\/pages\/888","targetHints":{"allow":["GET"]}}],"collection":[{"href":"https:\/\/www.jungsi.de\/en\/wp-json\/wp\/v2\/pages"}],"about":[{"href":"https:\/\/www.jungsi.de\/en\/wp-json\/wp\/v2\/types\/page"}],"author":[{"embeddable":true,"href":"https:\/\/www.jungsi.de\/en\/wp-json\/wp\/v2\/users\/2"}],"replies":[{"embeddable":true,"href":"https:\/\/www.jungsi.de\/en\/wp-json\/wp\/v2\/comments?post=888"}],"version-history":[{"count":0,"href":"https:\/\/www.jungsi.de\/en\/wp-json\/wp\/v2\/pages\/888\/revisions"}],"wp:attachment":[{"href":"https:\/\/www.jungsi.de\/en\/wp-json\/wp\/v2\/media?parent=888"}],"curies":[{"name":"wp","href":"https:\/\/api.w.org\/{rel}","templated":true}]}}

<p>Impressum</p>



<p>Gerhard Jungsberger<br>Lindenstraße 29<br>84359 Simbach am Inn</p>



<h2 class="wp-block-heading">Kontakt</h2>



<p>Telefon: +49 151 52725559<br>E-Mail: retro@jungsi.de</p>



<h2 class="wp-block-heading">Redaktionell verantwortlich</h2>



<p>Gerhard Jungsberger</p>



<p>Quelle: <a href="https://www.e-recht24.de/impressum-generator.html">https://www.e-recht24.de/impressum-generator.html</a></p>



<p></p>



<h2 class="wp-block-heading">Kontakt:</h2>


<div class="wp-block-jetpack-contact-form is-layout-flex wp-container-jetpack-contact-form-is-layout-026b38f8 wp-block-jetpack-contact-form-is-layout-flex"><a href="https://www.jungsi.de/en/impressum/" target="_blank" rel="noopener noreferrer">Submit a form.</a></div>


<h2 class="wp-block-heading"></h2>

<p>Impressum Gerhard JungsbergerLindenstraße 2984359 Simbach am Inn Kontakt Telefon: +49 151 52725559E-Mail: retro@jungsi.de Redaktionell verantwortlich Gerhard Jungsberger Quelle: https://www.e-recht24.de/impressum-generator.html Kontakt:</p>

Ötztal 2023

Ötztal 2023 12.-19.07.2023Gerhard und JungsiUnterkunft: Hotel Post in Sautens

Lago di Molveno Streckenlänge ca. 150 km Am zweiten Tag machte uns ein platter Hinterreifen an Gerhard's Moped einen kleinen Strrich durch die Rechnung. Außerdem fanden wir heraus, dass es nicht angebracht ist im Ausland den ADAC anzurufen. 1. An der Hotline konnte niemand Deutsch 2. wurde ein Mechaniker geschickt…

Datenschutzerklärung

Datenschutzerklärung Verantwortliche Stelle im Sinne der Datenschutzgesetze ist: Jungsberger GerhardLindenstr. 2984359 Simbach am Inn Kommentarfunktion Wenn Nutzer Kommentare im Blog hinterlassen, werden neben diesen Angaben auch der Zeitpunkt ihrer Erstellung und der zuvor durch den Websitebesucher gewählte Nutzername gespeichert. Dies dient unserer Sicherheit, da wir für widerrechtliche Inhalte auf unserer…

Willkommen bei Jungsi's Corner! Ich bin Gerhard, und hier dreht sich seit 2013 alles um Retro-Computer, alte Konsolen und die Geschichten dahinter. Schön, dass du vorbeischaust – stöber dich durch die Sammlung oder lies dir einen der aktuellen Beiträge durch. Bits, Bytes & Nostalgie seit 2013!

Als Startpunkt und zentralen Aufentshaltsort hatte ich den Bikergasthof Post in Sautens (südlich von Ötz) ausgewählt. Der Bikergasthof Post bietet Garagen für die Motorräder, Platz zum Waschen und Schrauben. Ausserdem können die Sauna, der Fitneßraum und die Tischtennisplatte in Anspruch genommen werden. Für die sonnigen Tage des Jahres ist ein…
