{"id":502,"date":"2009-07-28T12:58:28","date_gmt":"2009-07-28T11:58:28","guid":{"rendered":"http:\/\/www.jungsi.de\/?page_id=502"},"modified":"2024-12-23T16:34:17","modified_gmt":"2024-12-23T15:34:17","slug":"dolomiten-2009","status":"publish","type":"page","link":"https:\/\/www.jungsi.de\/en\/reisen\/dolomiten-2009\/","title":{"rendered":"Dolomiten 2009"},"content":{"rendered":"<p class=\"wp-block-paragraph\"><\/p>\n\n\n\n<h2 class=\"wp-block-heading has-text-align-center\">Dolomiten 2009<\/h2>\n\n\n\n<p class=\"wp-block-paragraph\">Nach dem Urlaub im vergangenen Jahr in Frankreich zog es uns dieses Mal wieder in &#8222;heimischere&#8220; Gefilde &#8211; die Dolomiten. Im Gegensatz zu den vergangenen Dolomiten-Urlauben verlagerten wir dieses Mal unser Quartier etwas weiter westlich &#8211; kurz unterhalb des Karerpasses &#8211; im Hotel <a href=\"http:\/\/www.castellatemar.it\/\" target=\"_blank\" rel=\"noopener\">Castel Latemar<\/a>. Die Zimmer haben uns 52 \u20ac im Doppelzimmer mit Halbpension gekostet. F\u00fcr die Unterbringung der Motorr\u00e4der ist gesorgt &#8211; Garagen f\u00fcr je 4 Motorr\u00e4der von &#8222;normaler&#8220; Gr\u00f6\u00dfe &#8211; und eine gro\u00dfe ger\u00e4umige Sammelgarage. F\u00fcr Biker ist ein hervorragendes Kartenset mit im Preis mit ausgew\u00e4hlten Touren &#8211; jeweils passend f\u00fcr den Tankrucksack. Au\u00dferdem gibt es einen Dampfstrahler und die Abholung des Motorrads bei einem Problem. Die Zimmer sind sch\u00f6n, das Essen vorz\u00fcglich, die Bedienungen nett und der Service exzellent. Neben dem w\u00f6chentlichen Grillabend gibt es sonntags ein Galadiner mit Aperitiv auf der Terrasse.<\/p>\n\n\n\n\n\n\n\n<p class=\"wp-block-paragraph\"><\/p>\n\n\n\n<p class=\"wp-block-paragraph\">In diesem Jahr waren bei der Tour dabei:<br>In diesem Jahr waren bei der Tour dabei:<br>&#8211; Dany alias &#8222;Leguan&#8220; &#8211; Kawasaki Z1000<br>&#8211; Manu alias &#8222;Mittnacht&#8220; &#8211; Kawasaki Z750<br>&#8211; Volker alias &#8222;Ninjapezi&#8220; &#8211; Kawasaki ZX10R<br>&#8211; Gerhard alias &#8222;Gelati&#8220; &#8211; Kawasaki ZX10R<br>&#8211; Franz alias &#8222;Powerslide&#8220; &#8211; Kawasaki ZX10R<br>&#8211; Max alias &#8222;Speedmaxxl&#8220; &#8211; Yamaha R1<br>&#8211; Gerhard alias &#8222;Jungsi&#8220; &#8211; Aprilia Tuono Factory<br>&#8211; Andreas alias &#8222;AndRReAss&#8220; &#8211; Kawasaki Ninja 636 (drei Tage)<\/p>\n\n\n\n<p class=\"wp-block-paragraph\">Das Wetter in diesem Urlaub kann man nur als &#8222;traumhaft&#8220; bezeichnen. In Bozen gab es Temperaturen bis zu 37 Grad. W\u00e4hrend der Woche gab es genau ein Gewitter &#8211; nachts &#8211; sodass die Stra\u00dfen am Morgen wieder trocken waren. Die Stra\u00dfen sind meistens in Ordnung bis auf einige Baustellen. Auf einigen P\u00e4ssen muss man aber aufpassen auf kleinere Schlagl\u00f6cher und Fr\u00e4skanten.<\/p>\n\n\n\n<p class=\"wp-block-paragraph\">Hier ein paar &#8222;Action-Fotos&#8220; der Fahrer \ud83d\ude42<\/p>\n\n\nngg_shortcode_0_placeholder\n\n\n\n<p class=\"wp-block-paragraph\">Ein paar &#8222;Passfotos&#8220; \ud83d\ude42<\/p>\n\n\nngg_shortcode_1_placeholder\n\n\n\n<p class=\"wp-block-paragraph\">und ein paar &#8222;Panoramabilder&#8220; !<\/p>\n\n\nngg_shortcode_2_placeholder\n\n\n\n<p class=\"wp-block-paragraph\">Die Motorr\u00e4der machten technisch kaum Probleme, bis auf den Tunfisch, der sich wieder mal einen &#8222;Schluck&#8220; \u00d6l genehmigte und das Getriebe, das am Morgen manchmal nicht so richtig &#8222;wach&#8220; war. Maxxls R1 w\u00fcrgte von Zeit zu Zeit mal den Motor ab, wohl um ihn hin und wieder mal &#8222;einzubremsen&#8220; \ud83d\ude09<\/p>\n\n\n\n<p class=\"wp-block-paragraph\">Lied der Woche:<\/p>\n\n\n\n<p class=\"wp-block-paragraph\">&#8222;Ich fahr mit meiner Laverda und meine Laverda mit mir. Oben leuchten die Sterne und und unten leuchten wir. Ich komm&#8216; nach Haus&#8216; ich hol&#8216; sie raus &#8211; Rabimmel &#8211; Rabammel &#8211; Rabumm&#8220;!<\/p>\n\n\n\n<p class=\"wp-block-paragraph\">Weitere Bilder folgen demn\u00e4chst!<\/p>","protected":false},"excerpt":{"rendered":"<p>Dolomiten 2009 Nach dem Urlaub im vergangenen Jahr in Frankreich zog es uns dieses Mal wieder in &#8222;heimischere&#8220; Gefilde &#8211; die Dolomiten. Im Gegensatz zu \u2026<\/p>","protected":false},"author":2,"featured_media":503,"parent":45,"menu_order":10,"comment_status":"open","ping_status":"open","template":"","meta":{"ngg_post_thumbnail":0,"footnotes":"","_links_to":"","_links_to_target":""},"class_list":["post-502","page","type-page","status-publish","has-post-thumbnail","hentry"],"wp-worthy-pixel":{"ignored":false,"public":null,"server":null,"url":null},"wp-worthy-type":"normal","jetpack_sharing_enabled":true,"_links":{"self":[{"href":"https:\/\/www.jungsi.de\/en\/wp-json\/wp\/v2\/pages\/502","targetHints":{"allow":["GET"]}}],"collection":[{"href":"https:\/\/www.jungsi.de\/en\/wp-json\/wp\/v2\/pages"}],"about":[{"href":"https:\/\/www.jungsi.de\/en\/wp-json\/wp\/v2\/types\/page"}],"author":[{"embeddable":true,"href":"https:\/\/www.jungsi.de\/en\/wp-json\/wp\/v2\/users\/2"}],"replies":[{"embeddable":true,"href":"https:\/\/www.jungsi.de\/en\/wp-json\/wp\/v2\/comments?post=502"}],"version-history":[{"count":0,"href":"https:\/\/www.jungsi.de\/en\/wp-json\/wp\/v2\/pages\/502\/revisions"}],"up":[{"embeddable":true,"href":"https:\/\/www.jungsi.de\/en\/wp-json\/wp\/v2\/pages\/45"}],"wp:featuredmedia":[{"embeddable":true,"href":"https:\/\/www.jungsi.de\/en\/wp-json\/wp\/v2\/media\/503"}],"wp:attachment":[{"href":"https:\/\/www.jungsi.de\/en\/wp-json\/wp\/v2\/media?parent=502"}],"curies":[{"name":"wp","href":"https:\/\/api.w.org\/{rel}","templated":true}]}}

<p class="wp-block-paragraph"></p>



<h2 class="wp-block-heading has-text-align-center">Dolomiten 2009</h2>



<p class="wp-block-paragraph">Nach dem Urlaub im vergangenen Jahr in Frankreich zog es uns dieses Mal wieder in &#8222;heimischere&#8220; Gefilde &#8211; die Dolomiten. Im Gegensatz zu den vergangenen Dolomiten-Urlauben verlagerten wir dieses Mal unser Quartier etwas weiter westlich &#8211; kurz unterhalb des Karerpasses &#8211; im Hotel <a href="http://www.castellatemar.it/" target="_blank" rel="noopener">Castel Latemar</a>. Die Zimmer haben uns 52 € im Doppelzimmer mit Halbpension gekostet. Für die Unterbringung der Motorräder ist gesorgt &#8211; Garagen für je 4 Motorräder von &#8222;normaler&#8220; Größe &#8211; und eine große geräumige Sammelgarage. Für Biker ist ein hervorragendes Kartenset mit im Preis mit ausgewählten Touren &#8211; jeweils passend für den Tankrucksack. Außerdem gibt es einen Dampfstrahler und die Abholung des Motorrads bei einem Problem. Die Zimmer sind schön, das Essen vorzüglich, die Bedienungen nett und der Service exzellent. Neben dem wöchentlichen Grillabend gibt es sonntags ein Galadiner mit Aperitiv auf der Terrasse.</p>







<p class="wp-block-paragraph"></p>



<p class="wp-block-paragraph">In diesem Jahr waren bei der Tour dabei:<br>In diesem Jahr waren bei der Tour dabei:<br>&#8211; Dany alias &#8222;Leguan&#8220; &#8211; Kawasaki Z1000<br>&#8211; Manu alias &#8222;Mittnacht&#8220; &#8211; Kawasaki Z750<br>&#8211; Volker alias &#8222;Ninjapezi&#8220; &#8211; Kawasaki ZX10R<br>&#8211; Gerhard alias &#8222;Gelati&#8220; &#8211; Kawasaki ZX10R<br>&#8211; Franz alias &#8222;Powerslide&#8220; &#8211; Kawasaki ZX10R<br>&#8211; Max alias &#8222;Speedmaxxl&#8220; &#8211; Yamaha R1<br>&#8211; Gerhard alias &#8222;Jungsi&#8220; &#8211; Aprilia Tuono Factory<br>&#8211; Andreas alias &#8222;AndRReAss&#8220; &#8211; Kawasaki Ninja 636 (drei Tage)</p>



<p class="wp-block-paragraph">Das Wetter in diesem Urlaub kann man nur als &#8222;traumhaft&#8220; bezeichnen. In Bozen gab es Temperaturen bis zu 37 Grad. Während der Woche gab es genau ein Gewitter &#8211; nachts &#8211; sodass die Straßen am Morgen wieder trocken waren. Die Straßen sind meistens in Ordnung bis auf einige Baustellen. Auf einigen Pässen muss man aber aufpassen auf kleinere Schlaglöcher und Fräskanten.</p>



<p class="wp-block-paragraph">Hier ein paar &#8222;Action-Fotos&#8220; der Fahrer 🙂</p>


ngg_shortcode_0_placeholder



<p class="wp-block-paragraph">Ein paar &#8222;Passfotos&#8220; 🙂</p>


ngg_shortcode_1_placeholder



<p class="wp-block-paragraph">und ein paar &#8222;Panoramabilder&#8220; !</p>


ngg_shortcode_2_placeholder



<p class="wp-block-paragraph">Die Motorräder machten technisch kaum Probleme, bis auf den Tunfisch, der sich wieder mal einen &#8222;Schluck&#8220; Öl genehmigte und das Getriebe, das am Morgen manchmal nicht so richtig &#8222;wach&#8220; war. Maxxls R1 würgte von Zeit zu Zeit mal den Motor ab, wohl um ihn hin und wieder mal &#8222;einzubremsen&#8220; 😉</p>



<p class="wp-block-paragraph">Lied der Woche:</p>



<p class="wp-block-paragraph">&#8222;Ich fahr mit meiner Laverda und meine Laverda mit mir. Oben leuchten die Sterne und und unten leuchten wir. Ich komm&#8216; nach Haus&#8216; ich hol&#8216; sie raus &#8211; Rabimmel &#8211; Rabammel &#8211; Rabumm&#8220;!</p>



<p class="wp-block-paragraph">Weitere Bilder folgen demnächst!</p>
