{"id":188,"date":"2008-12-05T12:00:27","date_gmt":"2008-12-05T11:00:27","guid":{"rendered":"http:\/\/www.jungsi.de\/blog\/?page_id=188"},"modified":"2008-12-05T12:00:27","modified_gmt":"2008-12-05T11:00:27","slug":"tour-2-st-leonhard-wurzjoch-brixen","status":"publish","type":"page","link":"https:\/\/www.jungsi.de\/en\/reisen\/dolomiten-1999\/tour-2-st-leonhard-wurzjoch-brixen\/","title":{"rendered":"Tour 2: St. Leonhard &#8211; W\u00fcrzjoch &#8211; Brixen"},"content":{"rendered":"<p style=\"text-align: justify;\">St. Leonhard &#8211; W\u00fcrzjoch &#8211; Brixen &#8211; Klausen &#8211; Gr\u00f6dner Joch<\/p>\n<p style=\"text-align: justify;\">Streckenl\u00e4nge: ca. 225 km<\/p>\n<p style=\"text-align: justify;\">Nach einem kr\u00e4ftigen Fr\u00fchst\u00fcck geht es zum Aufw\u00e4rmen \u00fcber den Passo di Campolongo nach Corvara und St. Leonhard bis St. Martin. In St. Martin gehts nach links zum W\u00fcrzjoch.<br \/>\nKurz nach dem W\u00fcrzjoch heisst es aufpassen, denn es geht nach rechts ins L\u00fcsener Tal, wo man fast allein auf der Strasse ist. Nach L\u00fcsen folgt man der Strasse nach Brixen. Wenn man der Ausschilderung Plose folgt und in H\u00f6he eines Parkhauses zur Innenstadt abbiegt gelangt man zu einem Motorradparkplatz.<br \/>\nEmpfehlenswert f\u00fcr eine Pause ist das Dom-Cafe. Weiter gehts nach St. Andr\u00e4. Sp\u00e4ter kommt man an der Abzweigung zu Plose vorbei. Einige Kilometer weiter gehts nach rechts Richtung Villn\u00f6\u00df. In St. Peter angekommen gehts rechts weiter nach Klausen.<br \/>\nAuf der Bundesstrasse setzt sich der Weg links Richtung Bozen fort, jedoch nur bis zur Abzweigung zum Gr\u00f6dner Tal.<br \/>\n\u00dcber St. Ulrich und Wolkenstein folgt man der Strasse zum Gr\u00f6dner Joch. Wieder zur\u00fcck in Corvara gehts rechts \u00fcber den Campolongo nach Arabba.<\/p>\n<p style=\"text-align: justify;\">ngg_shortcode_0_placeholder","protected":false},"excerpt":{"rendered":"<p>St. Leonhard &#8211; W\u00fcrzjoch &#8211; Brixen &#8211; Klausen &#8211; Gr\u00f6dner Joch Streckenl\u00e4nge: ca. 225 km Nach einem kr\u00e4ftigen Fr\u00fchst\u00fcck geht es zum Aufw\u00e4rmen \u00fcber den \u2026<\/p>","protected":false},"author":2,"featured_media":0,"parent":182,"menu_order":0,"comment_status":"open","ping_status":"open","template":"","meta":{"_lmt_disableupdate":"","_lmt_disable":"","ngg_post_thumbnail":0,"jetpack_post_was_ever_published":false,"footnotes":"","_links_to":"","_links_to_target":""},"class_list":["post-188","page","type-page","status-publish","hentry"],"jetpack_shortlink":"https:\/\/wp.me\/P4eXvk-32","jetpack_sharing_enabled":true,"jetpack_likes_enabled":true,"jetpack-related-posts":[{"id":356,"url":"https:\/\/www.jungsi.de\/en\/reisen\/dolomiten-2004\/tour-4-pso-campolongo\/","url_meta":{"origin":188,"position":0},"title":"Tour 4: Pso. Campolongo&#8230;","author":"Jungsi","date":"22. December 2008","format":false,"excerpt":"Pso. Campolongo - W\u00fcrzjoch - L\u00fcsen - Plose - Sella Joch - Pso. Pordoi An diesem Tag nahmen wir eine Tour in Angriff, die etwas k\u00fcrzer war. Direkt aus der Garage starteten wir frisch gest\u00e4rkt zum Passo Campolongo (1.875 m). Auf dieser Strasse blieben wir bis St. Martin, wo es\u2026","rel":"","context":"In &quot;Allgemein&quot;","block_context":{"text":"Allgemein","link":"https:\/\/www.jungsi.de\/en\/category\/allgemein\/"},"img":{"alt_text":"","src":"","width":0,"height":0},"classes":[]},{"id":222,"url":"https:\/\/www.jungsi.de\/en\/reisen\/tirol-2000\/tour-2-timmelsjoch-reschenpass\/","url_meta":{"origin":188,"position":1},"title":"Tour 2: Timmelsjoch &#8211; Reschenpass","author":"Jungsi","date":"5. December 2008","format":false,"excerpt":"Timmelsjoch - Reschenpass Streckenl\u00e4nge ca. 200 km Man f\u00e4hrt von Sautens aus durch das \u00d6tztal. Hinter Hochgurgl \u00fcberquert man die Mautstelle (65 ATS). Nach einer unvermuteten Abfahrt gelangt man \u00fcber sechs weit geschwungene Kehren auf die Passh\u00f6he des Timmelsjochs (2509 m). Die Abfahrt erfolgt \u00fcber kaum randgesicherte Kehren, schmale Strassen\u2026","rel":"","context":"In &quot;Allgemein&quot;","block_context":{"text":"Allgemein","link":"https:\/\/www.jungsi.de\/en\/category\/allgemein\/"},"img":{"alt_text":"","src":"","width":0,"height":0},"classes":[]},{"id":220,"url":"https:\/\/www.jungsi.de\/en\/reisen\/tirol-2000\/tour-1-hahntennjoch-flexenpass\/","url_meta":{"origin":188,"position":2},"title":"Tour 1: Hahntennjoch &#8211; Flexenpass","author":"Jungsi","date":"5. December 2008","format":false,"excerpt":"Hahntennjoch - Flexenpass - Silvretta - Piller H\u00f6he Streckenl\u00e4nge ca. 350 km Die erste Tour f\u00fchrt von Sautens in Richtung Imst. In Imst folgt man der Beschilderung zum Fernpa\u00df\/Garmisch. An der Abzweigung zum Hahntennjoch folgt man dieser und gelangt so an den ersten Pa\u00df in einer H\u00f6he von 1903 m.\u2026","rel":"","context":"In &quot;Allgemein&quot;","block_context":{"text":"Allgemein","link":"https:\/\/www.jungsi.de\/en\/category\/allgemein\/"},"img":{"alt_text":"","src":"","width":0,"height":0},"classes":[]},{"id":224,"url":"https:\/\/www.jungsi.de\/en\/reisen\/tirol-2000\/tour-3-reschenpass-stilfser-joch\/","url_meta":{"origin":188,"position":3},"title":"Tour 3: Reschenpass &#8211; Stilfser Joch","author":"Jungsi","date":"5. December 2008","format":false,"excerpt":"Reschenpass - Stilfser Joch - Passo Foscagno - Berninapass Streckenl\u00e4nge \u00fcber 300 km Der erste Teil \u00fcber Imst und Landeck zum Reschenpa\u00df ist bereits bekannt. Man folgt in Sponding der Abzweigung zum Stilfser Joch. Nach Trafoi hat man 48 Haarnadelkehren zu bew\u00e4ltigen (man hat des \u00f6fteren die von der Madatschspitze\u2026","rel":"","context":"In &quot;Allgemein&quot;","block_context":{"text":"Allgemein","link":"https:\/\/www.jungsi.de\/en\/category\/allgemein\/"},"img":{"alt_text":"","src":"","width":0,"height":0},"classes":[]},{"id":340,"url":"https:\/\/www.jungsi.de\/en\/reisen\/schweiz-2003\/tour-5-albulapass\/","url_meta":{"origin":188,"position":4},"title":"Tour 5: Albulapass&#8230;","author":"Jungsi","date":"22. December 2008","format":false,"excerpt":"Tour 5 Albulapass - Ofenpass - Jaufenpass - Sterzing Streckenl\u00e4nge ca. 250 km Thusis - Tiefencastel - Albulapass - La Punt - Zernez - Ofenpass - Sta. Maria im M\u00fcnstertal - Schluderns - Sponding - Meran - St. Leonhard i. P. - Jaufenpass - Sterzing Diese Tour war eigentlich nicht\u2026","rel":"","context":"In &quot;Allgemein&quot;","block_context":{"text":"Allgemein","link":"https:\/\/www.jungsi.de\/en\/category\/allgemein\/"},"img":{"alt_text":"","src":"","width":0,"height":0},"classes":[]},{"id":196,"url":"https:\/\/www.jungsi.de\/en\/reisen\/dolomiten-1999\/tour-6-ps-pordoi-karerpass\/","url_meta":{"origin":188,"position":5},"title":"Tour 6: Ps. Pordoi &#8211; Karerpass","author":"Jungsi","date":"5. December 2008","format":false,"excerpt":"Ps. Pordoi - Karerpass - Sarntal - Penser Joch - Jaufenpass...... Streckenl\u00e4nge: ca. 380 km Die letzte Tour geht nochmal an die Kondition. Von Arabba \u00fcber den Passo Pordoi (32 Kehren) nach Canzei. Dann folgt man der Abzweigung zum Karerpass und f\u00e4hrt nach Bozen. In Bozen h\u00e4lt man sich immer\u2026","rel":"","context":"In &quot;Allgemein&quot;","block_context":{"text":"Allgemein","link":"https:\/\/www.jungsi.de\/en\/category\/allgemein\/"},"img":{"alt_text":"","src":"","width":0,"height":0},"classes":[]}],"_links":{"self":[{"href":"https:\/\/www.jungsi.de\/en\/wp-json\/wp\/v2\/pages\/188","targetHints":{"allow":["GET"]}}],"collection":[{"href":"https:\/\/www.jungsi.de\/en\/wp-json\/wp\/v2\/pages"}],"about":[{"href":"https:\/\/www.jungsi.de\/en\/wp-json\/wp\/v2\/types\/page"}],"author":[{"embeddable":true,"href":"https:\/\/www.jungsi.de\/en\/wp-json\/wp\/v2\/users\/2"}],"replies":[{"embeddable":true,"href":"https:\/\/www.jungsi.de\/en\/wp-json\/wp\/v2\/comments?post=188"}],"version-history":[{"count":0,"href":"https:\/\/www.jungsi.de\/en\/wp-json\/wp\/v2\/pages\/188\/revisions"}],"up":[{"embeddable":true,"href":"https:\/\/www.jungsi.de\/en\/wp-json\/wp\/v2\/pages\/182"}],"wp:attachment":[{"href":"https:\/\/www.jungsi.de\/en\/wp-json\/wp\/v2\/media?parent=188"}],"curies":[{"name":"wp","href":"https:\/\/api.w.org\/{rel}","templated":true}]}}

Tour 2: St. Leonhard &#8211; Würzjoch &#8211; Brixen

<p style="text-align: justify;">St. Leonhard &#8211; Würzjoch &#8211; Brixen &#8211; Klausen &#8211; Grödner Joch</p>
<p style="text-align: justify;">Streckenlänge: ca. 225 km</p>
<p style="text-align: justify;">Nach einem kräftigen Frühstück geht es zum Aufwärmen über den Passo di Campolongo nach Corvara und St. Leonhard bis St. Martin. In St. Martin gehts nach links zum Würzjoch.<br />
Kurz nach dem Würzjoch heisst es aufpassen, denn es geht nach rechts ins Lüsener Tal, wo man fast allein auf der Strasse ist. Nach Lüsen folgt man der Strasse nach Brixen. Wenn man der Ausschilderung Plose folgt und in Höhe eines Parkhauses zur Innenstadt abbiegt gelangt man zu einem Motorradparkplatz.<br />
Empfehlenswert für eine Pause ist das Dom-Cafe. Weiter gehts nach St. Andrä. Später kommt man an der Abzweigung zu Plose vorbei. Einige Kilometer weiter gehts nach rechts Richtung Villnöß. In St. Peter angekommen gehts rechts weiter nach Klausen.<br />
Auf der Bundesstrasse setzt sich der Weg links Richtung Bozen fort, jedoch nur bis zur Abzweigung zum Grödner Tal.<br />
Über St. Ulrich und Wolkenstein folgt man der Strasse zum Grödner Joch. Wieder zurück in Corvara gehts rechts über den Campolongo nach Arabba.</p>
<p style="text-align: justify;">ngg_shortcode_0_placeholder

<p>St. Leonhard &#8211; Würzjoch &#8211; Brixen &#8211; Klausen &#8211; Grödner Joch Streckenlänge: ca. 225 km Nach einem kräftigen Frühstück geht es zum Aufwärmen über den …</p>

Pso. Campolongo - Würzjoch - Lüsen - Plose - Sella Joch - Pso. Pordoi An diesem Tag nahmen wir eine Tour in Angriff, die etwas kürzer war. Direkt aus der Garage starteten wir frisch gestärkt zum Passo Campolongo (1.875 m). Auf dieser Strasse blieben wir bis St. Martin, wo es…

Timmelsjoch - Reschenpass Streckenlänge ca. 200 km Man fährt von Sautens aus durch das Ötztal. Hinter Hochgurgl überquert man die Mautstelle (65 ATS). Nach einer unvermuteten Abfahrt gelangt man über sechs weit geschwungene Kehren auf die Passhöhe des Timmelsjochs (2509 m). Die Abfahrt erfolgt über kaum randgesicherte Kehren, schmale Strassen…

Hahntennjoch - Flexenpass - Silvretta - Piller Höhe Streckenlänge ca. 350 km Die erste Tour führt von Sautens in Richtung Imst. In Imst folgt man der Beschilderung zum Fernpaß/Garmisch. An der Abzweigung zum Hahntennjoch folgt man dieser und gelangt so an den ersten Paß in einer Höhe von 1903 m.…

Reschenpass - Stilfser Joch - Passo Foscagno - Berninapass Streckenlänge über 300 km Der erste Teil über Imst und Landeck zum Reschenpaß ist bereits bekannt. Man folgt in Sponding der Abzweigung zum Stilfser Joch. Nach Trafoi hat man 48 Haarnadelkehren zu bewältigen (man hat des öfteren die von der Madatschspitze…

Tour 5 Albulapass - Ofenpass - Jaufenpass - Sterzing Streckenlänge ca. 250 km Thusis - Tiefencastel - Albulapass - La Punt - Zernez - Ofenpass - Sta. Maria im Münstertal - Schluderns - Sponding - Meran - St. Leonhard i. P. - Jaufenpass - Sterzing Diese Tour war eigentlich nicht…

Ps. Pordoi - Karerpass - Sarntal - Penser Joch - Jaufenpass...... Streckenlänge: ca. 380 km Die letzte Tour geht nochmal an die Kondition. Von Arabba über den Passo Pordoi (32 Kehren) nach Canzei. Dann folgt man der Abzweigung zum Karerpass und fährt nach Bozen. In Bozen hält man sich immer…
