{"id":166,"date":"2008-12-05T09:10:57","date_gmt":"2008-12-05T08:10:57","guid":{"rendered":"http:\/\/www.jungsi.de\/blog\/?page_id=166"},"modified":"2024-12-23T21:37:36","modified_gmt":"2024-12-23T20:37:36","slug":"tour-3-arkadi","status":"publish","type":"page","link":"https:\/\/www.jungsi.de\/en\/reisen\/kreta-1998\/tour-3-arkadi\/","title":{"rendered":"Tour 3: Ark\u00e1di"},"content":{"rendered":"<p>Auch am zweiten Tag stand etwas Kultur auf dem Programm. Also machten wir uns auf den Weg nach Ark\u00e1di. Dieses Kloster ist fast schon eine Pilgerst\u00e4tte. Hier begingen zahlreiche Kreter (darunter viele Frauen und Kinder) im November 1866 Selbstmord, um nicht in die H\u00e4nde der sie belagernden T\u00fcrken zu fallen.<br>Der Weg f\u00fchrte uns \u00fcber Fodele nach Tilisos. Man bleibt immer auf dieser Strasse \u2013 passiert Anogia und Keramota und h\u00e4lt sich nach Eleftherna nach links. Arkadi liegt auf einer Hochebene, 500\u00a0m \u00fcber dem Meer.<\/p>ngg_shortcode_0_placeholder","protected":false},"excerpt":{"rendered":"<p>Auch am zweiten Tag stand etwas Kultur auf dem Programm. Also machten wir uns auf den Weg nach Ark\u00e1di. Dieses Kloster ist fast schon eine \u2026<\/p>","protected":false},"author":2,"featured_media":0,"parent":119,"menu_order":0,"comment_status":"open","ping_status":"open","template":"","meta":{"_lmt_disableupdate":"","_lmt_disable":"","ngg_post_thumbnail":0,"jetpack_post_was_ever_published":false,"footnotes":"","_links_to":"","_links_to_target":""},"class_list":["post-166","page","type-page","status-publish","hentry"],"jetpack_shortlink":"https:\/\/wp.me\/P4eXvk-2G","jetpack_sharing_enabled":true,"jetpack_likes_enabled":true,"jetpack-related-posts":[{"id":235,"url":"https:\/\/www.jungsi.de\/en\/reisen\/kroatien-2002\/tour-1-opatija-plomin\/","url_meta":{"origin":166,"position":0},"title":"Tour 1: Opatija &#8211; Plomin","author":"Jungsi","date":"8. December 2008","format":false,"excerpt":"Opatija - Plomin - Pula - Riejka Streckenl\u00e4nge ca. 250 km Am ersten Tag empfing uns Kroatien mit etwas ungew\u00f6hnlichem: Regen. Wir trotzten aber dem Wetter und machten uns trotzdem auf den Weg. Von unserem Hotel aus nahmen wir die K\u00fcstenstra\u00dfe nach Rijeka, benutzten ein kurzes St\u00fcck die Autobahn und\u2026","rel":"","context":"In &quot;Allgemein&quot;","block_context":{"text":"Allgemein","link":"https:\/\/www.jungsi.de\/en\/category\/allgemein\/"},"img":{"alt_text":"","src":"","width":0,"height":0},"classes":[]},{"id":231,"url":"https:\/\/www.jungsi.de\/en\/reisen\/kroatien-2002\/","url_meta":{"origin":166,"position":1},"title":"Kroatien 2002","author":"Jungsi","date":"8. December 2008","format":false,"excerpt":"Dieses Mal buchten wir wieder ein Hotel vor. Als Startpunkt suchten wir uns den Ort Crkvenica aus. Dieser liegt ca. 30 km s\u00fcdlich von Rijeka an der K\u00fcstenstra\u00dfe. Die Anfahrt wurde l\u00e4nger als wir dachten. Da wir die Autobahn mieden, fuhren wir \u00fcber den S\u00f6lkpass und die Turracher-H\u00f6he nach Villach.\u2026","rel":"","context":"In &quot;Allgemein&quot;","block_context":{"text":"Allgemein","link":"https:\/\/www.jungsi.de\/en\/category\/allgemein\/"},"img":{"alt_text":"","src":"","width":0,"height":0},"classes":[]},{"id":340,"url":"https:\/\/www.jungsi.de\/en\/reisen\/schweiz-2003\/tour-5-albulapass\/","url_meta":{"origin":166,"position":2},"title":"Tour 5: Albulapass&#8230;","author":"Jungsi","date":"22. December 2008","format":false,"excerpt":"Tour 5 Albulapass - Ofenpass - Jaufenpass - Sterzing Streckenl\u00e4nge ca. 250 km Thusis - Tiefencastel - Albulapass - La Punt - Zernez - Ofenpass - Sta. Maria im M\u00fcnstertal - Schluderns - Sponding - Meran - St. Leonhard i. P. - Jaufenpass - Sterzing Diese Tour war eigentlich nicht\u2026","rel":"","context":"In &quot;Allgemein&quot;","block_context":{"text":"Allgemein","link":"https:\/\/www.jungsi.de\/en\/category\/allgemein\/"},"img":{"alt_text":"","src":"","width":0,"height":0},"classes":[]},{"id":188,"url":"https:\/\/www.jungsi.de\/en\/reisen\/dolomiten-1999\/tour-2-st-leonhard-wurzjoch-brixen\/","url_meta":{"origin":166,"position":3},"title":"Tour 2: St. Leonhard &#8211; W\u00fcrzjoch &#8211; Brixen","author":"Jungsi","date":"5. December 2008","format":false,"excerpt":"St. Leonhard - W\u00fcrzjoch - Brixen - Klausen - Gr\u00f6dner Joch Streckenl\u00e4nge: ca. 225 km Nach einem kr\u00e4ftigen Fr\u00fchst\u00fcck geht es zum Aufw\u00e4rmen \u00fcber den Passo di Campolongo nach Corvara und St. Leonhard bis St. Martin. In St. Martin gehts nach links zum W\u00fcrzjoch. Kurz nach dem W\u00fcrzjoch heisst es\u2026","rel":"","context":"In &quot;Allgemein&quot;","block_context":{"text":"Allgemein","link":"https:\/\/www.jungsi.de\/en\/category\/allgemein\/"},"img":{"alt_text":"","src":"","width":0,"height":0},"classes":[]},{"id":264,"url":"https:\/\/www.jungsi.de\/en\/reisen\/schweiz-2002\/","url_meta":{"origin":166,"position":4},"title":"Schweiz 2002","author":"Jungsi","date":"8. December 2008","format":false,"excerpt":"Dieses Jahr war es wieder soweit, dass im Monat August keiner Zeit hatte und ich mich wieder allein auf den Weg machte. Das Ziel sollte dieses Mal die Schweiz sein.Nachdem ich aus dem Hotelf\u00fchrer der Zeitschrift Tourenfahrer ein zentrales Quartier in den Schweizer Alpen ausfindig gemacht hatte, konnte die Reise\u2026","rel":"","context":"In &quot;Allgemein&quot;","block_context":{"text":"Allgemein","link":"https:\/\/www.jungsi.de\/en\/category\/allgemein\/"},"img":{"alt_text":"","src":"","width":0,"height":0},"classes":[]},{"id":178,"url":"https:\/\/www.jungsi.de\/en\/reisen\/kreta-1998\/tour-6-nida-hochebeneideon-andron\/","url_meta":{"origin":166,"position":5},"title":"Tour 6: N\u00edda-Hochebene\/Id\u00e9on \u00c1ndron","author":"Jungsi","date":"5. December 2008","format":false,"excerpt":"Jeder Urlaub geht mal zu Ende. Als Abschluss haben wir uns die Untersuchung des geheimnisvollen \"Skigebietes\" aufgehoben. Die Hinweisschilder haben wir auf einer anderen Tour in Anogia gesehen. Also machten wir uns auf den Weg \u00fcber Fodele und Tilisos nach Anogia. Die Auffahrt ist ziemlich lange (\u00fcber 20 km). Will\u2026","rel":"","context":"In &quot;Allgemein&quot;","block_context":{"text":"Allgemein","link":"https:\/\/www.jungsi.de\/en\/category\/allgemein\/"},"img":{"alt_text":"","src":"","width":0,"height":0},"classes":[]}],"_links":{"self":[{"href":"https:\/\/www.jungsi.de\/en\/wp-json\/wp\/v2\/pages\/166","targetHints":{"allow":["GET"]}}],"collection":[{"href":"https:\/\/www.jungsi.de\/en\/wp-json\/wp\/v2\/pages"}],"about":[{"href":"https:\/\/www.jungsi.de\/en\/wp-json\/wp\/v2\/types\/page"}],"author":[{"embeddable":true,"href":"https:\/\/www.jungsi.de\/en\/wp-json\/wp\/v2\/users\/2"}],"replies":[{"embeddable":true,"href":"https:\/\/www.jungsi.de\/en\/wp-json\/wp\/v2\/comments?post=166"}],"version-history":[{"count":0,"href":"https:\/\/www.jungsi.de\/en\/wp-json\/wp\/v2\/pages\/166\/revisions"}],"up":[{"embeddable":true,"href":"https:\/\/www.jungsi.de\/en\/wp-json\/wp\/v2\/pages\/119"}],"wp:attachment":[{"href":"https:\/\/www.jungsi.de\/en\/wp-json\/wp\/v2\/media?parent=166"}],"curies":[{"name":"wp","href":"https:\/\/api.w.org\/{rel}","templated":true}]}}

Tour 3: Arkádi

<p>Auch am zweiten Tag stand etwas Kultur auf dem Programm. Also machten wir uns auf den Weg nach Arkádi. Dieses Kloster ist fast schon eine Pilgerstätte. Hier begingen zahlreiche Kreter (darunter viele Frauen und Kinder) im November 1866 Selbstmord, um nicht in die Hände der sie belagernden Türken zu fallen.<br>Der Weg führte uns über Fodele nach Tilisos. Man bleibt immer auf dieser Strasse – passiert Anogia und Keramota und hält sich nach Eleftherna nach links. Arkadi liegt auf einer Hochebene, 500 m über dem Meer.</p>ngg_shortcode_0_placeholder

<p>Auch am zweiten Tag stand etwas Kultur auf dem Programm. Also machten wir uns auf den Weg nach Arkádi. Dieses Kloster ist fast schon eine …</p>

Opatija - Plomin - Pula - Riejka Streckenlänge ca. 250 km Am ersten Tag empfing uns Kroatien mit etwas ungewöhnlichem: Regen. Wir trotzten aber dem Wetter und machten uns trotzdem auf den Weg. Von unserem Hotel aus nahmen wir die Küstenstraße nach Rijeka, benutzten ein kurzes Stück die Autobahn und…

Dieses Mal buchten wir wieder ein Hotel vor. Als Startpunkt suchten wir uns den Ort Crkvenica aus. Dieser liegt ca. 30 km südlich von Rijeka an der Küstenstraße. Die Anfahrt wurde länger als wir dachten. Da wir die Autobahn mieden, fuhren wir über den Sölkpass und die Turracher-Höhe nach Villach.…

Tour 5 Albulapass - Ofenpass - Jaufenpass - Sterzing Streckenlänge ca. 250 km Thusis - Tiefencastel - Albulapass - La Punt - Zernez - Ofenpass - Sta. Maria im Münstertal - Schluderns - Sponding - Meran - St. Leonhard i. P. - Jaufenpass - Sterzing Diese Tour war eigentlich nicht…

Tour 2: St. Leonhard &#8211; Würzjoch &#8211; Brixen

St. Leonhard - Würzjoch - Brixen - Klausen - Grödner Joch Streckenlänge: ca. 225 km Nach einem kräftigen Frühstück geht es zum Aufwärmen über den Passo di Campolongo nach Corvara und St. Leonhard bis St. Martin. In St. Martin gehts nach links zum Würzjoch. Kurz nach dem Würzjoch heisst es…

Dieses Jahr war es wieder soweit, dass im Monat August keiner Zeit hatte und ich mich wieder allein auf den Weg machte. Das Ziel sollte dieses Mal die Schweiz sein.Nachdem ich aus dem Hotelführer der Zeitschrift Tourenfahrer ein zentrales Quartier in den Schweizer Alpen ausfindig gemacht hatte, konnte die Reise…

Tour 6: Nída-Hochebene/Idéon Ándron

Jeder Urlaub geht mal zu Ende. Als Abschluss haben wir uns die Untersuchung des geheimnisvollen "Skigebietes" aufgehoben. Die Hinweisschilder haben wir auf einer anderen Tour in Anogia gesehen. Also machten wir uns auf den Weg über Fodele und Tilisos nach Anogia. Die Auffahrt ist ziemlich lange (über 20 km). Will…
